{"id":8,"date":"2008-12-22T16:03:02","date_gmt":"2008-12-22T14:03:02","guid":{"rendered":"http:\/\/bergsturz.net\/?page_id=7"},"modified":"2016-10-21T17:24:50","modified_gmt":"2016-10-21T15:24:50","slug":"berge","status":"publish","type":"page","link":"https:\/\/bergsturz.net\/?page_id=8","title":{"rendered":"Canasta im Schneesturm"},"content":{"rendered":"<h1 style=\"margin: 0cm 0cm 0pt;\"><\/h1>\n<h2 style=\"text-align: justify;\"><\/h2>\n<h2 style=\"text-align: justify;\">Sechs Tage Basislager<\/h2>\n<p><em>Schlechtes Wetter am Khan Tengri<\/em><\/p>\n<p class=\"MsoNormal\"><strong>Erster Tag:<\/strong><\/p>\n<p class=\"MsoNormal\">Sonntag. Eigentlich wollten Steffen und ich heute zum Lager I des Khan Tengri aufsteigen. Aber nun ziehen diese Wolken von Maida Adyr herauf. Dicke, schwere Regenwolken. Schieben sich \u00fcber den 60 Kilometer langen Inylchek-Gletscher, langsam aber beharrlich, und verdr\u00e4ngen das verbliebene Blau \u00fcber die 6000er nach Osten, nach China.<\/p>\n<p class=\"MsoNormal\"><strong>Seit eineinhalb Wochen<\/strong> sind wir nun hier oben. Im Basislager des Khan Tengri, 4000 Meter \u00fcber dem Meeresspiegel, auf einer Seitenmor\u00e4ne des Gletschers gelegen. Bislang hatten wir gutes Wetter. K\u00f6nigswetter. Ein stabiles Hoch, und wir mittendrin. Wir dachten, das w\u00fcrde so bleiben, die n\u00e4chsten zwei Wochen mindestens. Mann, da k\u00f6nnten wir den Khan Tengri besteigen und vielleicht noch den Pobeda, dieses riesige Ding da dr\u00fcben im S\u00fcden, fast 7500 Meter hoch. Seit drei Jahren soll niemand mehr oben gewesen sein.<\/p>\n<p class=\"MsoNormal\">Zwei Akklimatisierungstouren am Khan Tengri haben wir bereits hinter uns. Bis Lager III auf 5900 Meter H\u00f6he sind wir vorgedrungen. Jedesmal unter dieser verdammten S\u00fcdostflanke des Chapaev hindurch. Mit eingezogenen K\u00f6pfen sind wir \u00fcber den Gletscher geschlichen, drei Kreuze haben wir gemacht, obwohl wir nicht gl\u00e4ubig sind. Drei Kreuze, dass der Chapaev wenigstens f\u00fcr die n\u00e4chste Stunde die Lawinen und Seracs und W\u00e4chten an sich halten m\u00f6ge. Was er aber nicht tat. Stattdessen schickte er einen ziemlich unfreundlichen Morgengru\u00df zu uns herunter. Um f\u00fcnf Uhr fr\u00fch.<\/p>\n<p class=\"MsoNormal\"><strong>\u201eVerdammt!<\/strong> Wann, wenn nicht um diese Zeit soll man da durchgehen?\u201c, fragten wir uns und duckten uns hinter einem 15 Meter gro\u00dfen Eiswall. Mit bedrohlichem Grollen rauschte die Lawine heran. Dann kam der Sturm und mit ihm der feine Schneestaub, der durch alle Poren drang.<\/p>\n<p class=\"MsoNormal\">F\u00fcnf Minuten sp\u00e4ter hasteten wir weiter bergan \u00fcber den frischen Lawinenschnee am Fusse dieses verdammten Berges, 22 Kilo in den Rucks\u00e4cken. Wir liefen so schnell, dass der Puls in unseren K\u00f6pfen h\u00e4mmerte wie in einem Bergwerk und unsere Lungen fast zu platzen drohten. Eine Stimme rief: Mach langsam! Doch da war diese andere Stimme, die noch lauter rief: Lauf weiter! Mach schnell! Pfeif auf Deine Lunge! Noch zehn Minuten, dann bist du in Sicherheit!<\/p>\n<p><em>Diese und mehr Bergerz\u00e4hlungen finden Sie im Buch <a title=\"Canasta im Schneesturm\" href=\"http:\/\/bergsturz.net\/?page_id=20\">&#8222;Canasta im Schneesturm&#8220;<\/a><\/em><\/p>\n<hr style=\"text-align: justify;\" noshade=\"noshade\" size=\"2\" \/>\n<h2>Nacht mit einer Unbekannten<\/h2>\n<p><em>Mit Frau Braun im Winterraum der Dolic-H\u00fctte<\/em><\/p>\n<p class=\"MsoNormal\"><strong>Ich dachte,<\/strong> ich h\u00e4tte den Winterraum der Dolic-H\u00fctte f\u00fcr mich allein. Aber als ich mich gegen 19 Uhr schwei\u00dfdurchtr\u00e4nkt dem 2151 Meter hohen Sattel n\u00e4here, in dem das kleine Winterh\u00e4uschen den Schutz der gro\u00dfen, geschlossenen Mutterh\u00fctte sucht, wundere ich mich \u00fcber Stimmen. Viele Stimmen. Ein Mann baut sich vor mir auf: \u201eGuten Abend, ich bin der Lehrer. Wir sind zwei Schulklassen, eine s\u00e4chsische und eine tschechische. Wir kommen jedes Jahr zum Triglav.\u201c<\/p>\n<p class=\"MsoNormal\">\u201eWieviel seid Ihr denn\u201c, frage ich.<\/p>\n<p class=\"MsoNormal\">\u201e33 Sch\u00fcler und drei Lehrer. Und dann sind da noch zwei Kanadier. Die meisten liegen schon in den Lagern.\u201c<\/p>\n<p class=\"MsoNormal\"><strong>Ich setze mich auf einen Felsbrocken<\/strong> und schneide Brot mit Speck auf. Ich lege keinen gro\u00dfen Wert darauf, eine Nacht mit einer Horde von 33 Halbstarken in einem engen Winterraum zu verbringen, der offiziell nur 16 Schlafpl\u00e4tze hat. Ich ahne, was auf mich zukommt: Drangvolle Enge, stickige Luft, Kichern, Glucksen, Prusten. Zusammengekauert in einer Ecke auf dem dreckigen Boden liegen. Alle 20 Minuten muss jemand auf die Toilette und steigt \u00fcber mich r\u00fcber. Stirnlampen scheinen mir ins Gesicht. Kein Schlaf m\u00f6glich.<\/p>\n<p class=\"MsoNormal\">Ich habe einen d\u00fcnnen Schlafsack dabei. Ich k\u00f6nnte mir drau\u00dfen zwischen den Felsen einen Platz suchen und frieren. Oder einfach weitergehen&#8230; Verdammt, k\u00f6nnen die nicht einen normalen Schulausflug machen? In den Bayerischen Wald, nach Budapest oder Stra\u00dfburg?<\/p>\n<p class=\"MsoNormal\"><strong>\u201eDu kannst Dir das Lager<\/strong> mit Frau Braun teilen\u201c, sagt der Mann.<\/p>\n<p class=\"MsoNormal\">\u201eFrau Braun?\u201c.<\/p>\n<p class=\"MsoNormal\">\u201eEine Lehrerin. Sie schl\u00e4ft schon. Wenn Du reinkommst, gleich oben links.\u201c<\/p>\n<p class=\"MsoNormal\"><em>Diese und mehr Bergerz\u00e4hlungen finden Sie im Buch <a title=\"Canasta im Schneesturm\" href=\"http:\/\/bergsturz.net\/?page_id=20\">&#8222;Canasta im Schneesturm&#8220;<\/a><\/em><\/p>\n","protected":false},"excerpt":{"rendered":"<p>Sechs Tage Basislager Schlechtes Wetter am Khan Tengri Erster Tag: Sonntag. Eigentlich wollten Steffen und ich heute zum Lager I des Khan Tengri aufsteigen. Aber nun ziehen diese Wolken von Maida Adyr herauf. Dicke, schwere Regenwolken. Schieben sich \u00fcber den &hellip; <a href=\"https:\/\/bergsturz.net\/?page_id=8\">Weiterlesen <span class=\"meta-nav\">&rarr;<\/span><\/a><\/p>\n","protected":false},"author":1,"featured_media":1602,"parent":0,"menu_order":2,"comment_status":"open","ping_status":"open","template":"","meta":[],"_links":{"self":[{"href":"https:\/\/bergsturz.net\/index.php?rest_route=\/wp\/v2\/pages\/8"}],"collection":[{"href":"https:\/\/bergsturz.net\/index.php?rest_route=\/wp\/v2\/pages"}],"about":[{"href":"https:\/\/bergsturz.net\/index.php?rest_route=\/wp\/v2\/types\/page"}],"author":[{"embeddable":true,"href":"https:\/\/bergsturz.net\/index.php?rest_route=\/wp\/v2\/users\/1"}],"replies":[{"embeddable":true,"href":"https:\/\/bergsturz.net\/index.php?rest_route=%2Fwp%2Fv2%2Fcomments&post=8"}],"version-history":[{"count":10,"href":"https:\/\/bergsturz.net\/index.php?rest_route=\/wp\/v2\/pages\/8\/revisions"}],"predecessor-version":[{"id":1634,"href":"https:\/\/bergsturz.net\/index.php?rest_route=\/wp\/v2\/pages\/8\/revisions\/1634"}],"wp:featuredmedia":[{"embeddable":true,"href":"https:\/\/bergsturz.net\/index.php?rest_route=\/wp\/v2\/media\/1602"}],"wp:attachment":[{"href":"https:\/\/bergsturz.net\/index.php?rest_route=%2Fwp%2Fv2%2Fmedia&parent=8"}],"curies":[{"name":"wp","href":"https:\/\/api.w.org\/{rel}","templated":true}]}}